ative of -q**5/60 - q**4/4 + q**3/2 - 2*q**2. Determine r(c).
11
Let m(n) = n**2 + 8*n - 1. Suppose r = l + 153, l - 4*r - 466 = 4*l. Let w = 146 + l. Give m(w).
-1
Let t(n) = n**3 - 44*n**2 + 83*n + 54. Let o = 12648 + -12606. What is t(o)?
12
Let a be 6/36*-28*15/(-35). Let w(s) = -11*s. What is w(a)?
-22
Let w(b) be the second derivative of -7*b**4/3 - b**3/2 - 3*b**2/2 - 18*b. Let a(m) = 33*m**2 + 3*m + 3. Let v(p) = 6*a(p) + 7*w(p). Give v(-2).
11
Let v(u) be the third derivative of u**6/120 - 3*u**5/10 + 9*u**4/8 + 9*u**3 - 8545*u**2. Calculate v(16).
-26
Suppose 0 = -f - r + 3, 2*r = -5*f - 13 + 31. Let s(q) = -2*q**3 + 3*q**2 + 3. Give s(f).
-77
Let k(d) = d**3 - d**2 - 2*d. Let u = -291 + 313. Suppose -u*z = -24*z + 4. Give k(z).
0
Suppose 3*z - 18 = -6. Suppose 3*w - w + 26 = -4*r, w = z*r - 19. Let q(u) = -u**3 - 14*u**2 + 14*u - 13. Let p be q(w). Let d(o) = -2*o + 2. Give d(p).
-2
Let p be ((-9)/(-6))/(1/2). Let m = 418 - 409. Let q(a) = -a - 16 - a**2 - 20*a**p + 7 + m. What is q(-1)?
20
Let n(b) = -1319*b + 3*b**3 + 2655*b + 9*b**2 + 3*b**3 - 3 - 5*b**3 - 1330*b. What is n(-8)?
13
Let d(z) be the second derivative of 13*z**4/12 + z**3/2 - 5*z**2/2 - 813*z + 2. What is d(2)?
53
Let x(h) = -h**2 + 10*h - 11. Let j(z) = z**3 - 107*z**2 - 555*z - 551. Let q be j(112). Calculate x(q).
-2
Let d(k) be the second derivative of -k**4/6 - 8*k**3/3 + 5*k**2/2 - 536*k. Give d(-8).
5
Let b be (-2)/11 - (-294)/(-77). Let o(u) = -2*u. Determine o(b).
8
Suppose 0 = 17*a - 18*a - 4*l - 13, 0 = 2*a + 5*l + 20. Let u(s) = -s**2 - s**3 + 3 + 0 + 0*s**2 - 6*s - 5*s**2. What is u(a)?
8
Let j = -1375 + 963. Let d = j - -410. Let g(x) = -2*x**3 + 4*x**2 + 4*x + 3. Calculate g(d).
27
Let i(c) = 50*c - 502. Let h be i(10). Let g(j) = 26*j + 18. Determine g(h).
-34
Let j(y) = 5*y**2 - y - 7. Let t(m) = m**2 - m. Let h(k) = j(k) - 6*t(k). Let g(r) = 7*r + 14. Let l be g(6). Let p be 1232/240 + l/30 + -2. Give h(p).
-7
Let i(m) = -14*m - 43 + 39 + 0*m + 16*m. Suppose 0 = -q - s + 3, -5*q + s + 13 = -8. Give i(q).
4
Let n(y) be the second derivative of 3*y**3 - 49*y**2/2 + 5*y - 82. Give n(3).
5
Let v(u) = -3*u - 13. Let y = -27083 - -27072. Determine v(y).
20
Let t(c) = 3 + 3 - c**2 - 7*c + 0*c**2. Let o(d) = -d**2 - d + 1. Let h(x) = 2*o(x) - t(x). Let n = 147769 - 147764. Give h(n).
-4
Let g(m) be the second derivative of -2*m**5/15 - m**4/8 - m**3/3 - 59*m**2 + 165*m. Let t(h) be the first derivative of g(h). What is t(-2)?
-28
Suppose 403*j = 247*j. Let o(b) = 16*b + 7. Calculate o(j).
7
Let n(q) = -2*q - 8. Suppose -2*t + 5*t = 7*s + 65, 5*t = -4*s - 64. What is n(s)?
14
Let i = -1204 - -1208. Let b(n) = -n**2 + n + 1. Let r(s) = -3*s**2 + 7*s - 4. Let j(t) = 2*b(t) - r(t). Give j(i).
2
Let z be (1 - 15)*(348/(-28))/29. Let n(d) = -d**2 + 3*d + 3. What is n(z)?
-15
Suppose 3 = m + 2*m. Let n be -6 + 6 + 3*m. Let k(b) = -b**3 + 4*b**2 - b + 1. Let x(p) = -2*p**3 + 10*p**2 - 3*p + 7. Let d(o) = 3*k(o) - x(o). Give d(n).
-13
Let o(k) = 33*k**3. Let a be (-6)/12 + (-63)/6. Let n = -10 - a. Determine o(n).
33
Let p = -1020 + 1031. Let j(w) = 6*w**2 + p*w**3 - 10*w**3 + 128 - 62 - 60. What is j(-6)?
6
Suppose -220 = -10*k + 6*k. Suppose -5*w + k + 70 = 0. Let n = -22 + w. Let b(y) = 4*y - 4. What is b(n)?
8
Let d(v) = -v**3 - 2*v**2 - 5*v - 5. Let s be d(-2). Suppose -25 + 5 = s*j. Let c(o) = -7 + o - 6 + 4*o - 6*o + 15. What is c(j)?
6
Let k be ((-16)/6)/((-16)/24). Let g(d) = -6*d + k*d + 196 - 194. Let i(x) = 2*x**2 + 2*x + 1. Let s be i(-2). Determine g(s).
-8
Let n(z) = z**2 - 2*z - 1. Let a(j) = 35*j**2 - 7*j - 6. Let w(o) = -a(o) + 5*n(o). Let y(x) = 120*x**2 + 14*x - 5. Let m(k) = -9*w(k) - 2*y(k). Give m(1).
30
Suppose 4*v + 3*g - 110 = 249, v = 5*g + 107. Let h = v - 89. Let p(f) be the second derivative of -f**4/12 + 2*f**3/3 - f**2/2 + 13*f. Determine p(h).
2
Let y = -1709 - -1725. Let u(q) be the first derivative of -q**4/4 + 5*q**3 + 8*q**2 - 25. Give u(y).
0
Let j(a) = -256 + 0*a - 247 + 2*a + 791 - 266 - 4*a**2. Give j(3).
-8
Let s(g) = 6*g**2 + 38*g + 22. Let z(h) = 7*h**2 + 44*h + 21. Let f(d) = -6*s(d) + 5*z(d). Give f(-8).
-27
Suppose a - 3*b - 22 = -4*a, -4*b - 22 = -3*a. Let k(f) = 6 - f**3 + 45*f**2 - 135*f**2 + 47*f**2 + 39*f**a + 7*f. Let z = 196 - 201. Determine k(z).
-4
Let m(o) = 6*o - 154. Let i be m(23). Let x(g) = -3*g - 45. What is x(i)?
3
Let i be ((-3)/(-2))/(6/(-16)). Let x(z) = z**2 - 237*z - 6. Let a(p) = -p**2 + 202*p + 5. Let q(y) = -7*a(y) - 6*x(y). Determine q(i).
-15
Let i(n) = n**2 - 16*n - 26. Let l be i(19). Let z = 7 - l. Let t(c) = c + 30. Determine t(z).
6
Let v(o) = o**2 - 5*o + 1. Let g be v(6). Suppose 2*c - 4*b - 20 = 0, g = 2*c + 3*b + 22. Suppose -w - 5*w + 54 = c. Let p(z) = -z - 3. Calculate p(w).
-12
Let i be (4 - 176/33)/(8/60). Let v(u) = 4*u + 16. Determine v(i).
-24
Suppose 3*a + 1 = -0 - 14. Let u(x) = x**2 + 8*x - 21. What is u(a)?
-36
Let l(v) = -42*v**3 + 2*v - 2. Let m(j) = j**3 - 19*j**2 + 66*j - 89. Let h be m(15). What is l(h)?
-42
Let d(l) = 6*l**2 - 19*l - 14. Let t(j) = 7*j**2 - 21*j - 17. Let r(x) = -6*d(x) + 5*t(x). Let z = 19 - 11. Calculate r(z).
7
Let p = -39 + 43. Let m(l) = -l**2 + 4*l - 42. Let b(k) = k**2 - 3*k + 43. Let r(c) = p*b(c) + 3*m(c). What is r(0)?
46
Suppose -63 - 171 = -3*y. Let q = y - 77. Let b(v) be the second derivative of -v**4/4 + v**3/6 - v. Calculate b(q).
-2
Let c(f) = -f + 1. Suppose -27*s + 12 = -21*s. Suppose -m = s*k + 2, -5*m + 1 = -0*k - k. What is c(m)?
1
Let b(f) be the first derivative of f**7/840 - f**6/90 + f**5/30 - f**4/12 + 5*f**3/3 - 3*f - 32. Let q(s) be the third derivative of b(s). What is q(2)?
-2
Let z(h) = 14*h + 6. Suppose 5*g - m + 27 = 0, -3*g - 103*m - 23 = -107*m. Determine z(g).
-64
Let h be 1770/(-236)*2/1. Let c(b) = b**2 + 12*b - 26. What is c(h)?
19
Let q = 12 + -7. Let i(h) = 0*h**2 - 4229*h + 4229*h + 22026 - h**2 - 22016. Calculate i(q).
-15
Let l be (4 - 10)*(1 + 7/(-6)). Let s(r) = 12*r - l - 27*r + 12*r. What is s(-1)?
2
Let f(b) = 580*b**3 - 4 - 252*b**3 + 89*b**2 - 57*b - 164*b**3 - 167*b**3. Determine f(29).
25
Let k(a) = 8*a**2 - 6*a - 3*a**2 + a + a**3 - a. Let q = -62 - -56. Calculate k(q).
0
Let t = -5 - -8. Let l(q) = -409*q - 46. Let a(j) = -165*j - 19. Let b(v) = 5*a(v) - 2*l(v). What is b(t)?
-24
Let y be 6*((-126)/98 + 1) + 2/(-7). Let z(m) = -18*m - 6. Determine z(y).
30
Suppose -4*a - 22 = 2*c, -209*a + 214*a = -3*c - 40. Let g(l) = l**2 + 22*l - 23. Calculate g(c).
52
Let p = -1 + -6. Let a(u) be the third derivative of -u**4/24 - 4*u**3/3 - u**2 + 263*u + 5. Determine a(p).
-1
Let n(q) = -2*q**2 + 2*q - 3. Let x(l) = -6*l**2 - 13*l - 18. Let g(y) = -4*n(y) + x(y). Give g(11).
5
Let q = 30 - 26. Let l(y) = 296*y - 291*y + 0*y**3 - 5 + 2 + 3*y**2 - y**3. What is l(q)?
1
Let v(y) be the third derivative of -y**6/240 + y**5/8 + y**4/24 + 11*y**3/6 - 81*y**2. Let b(o) be the second derivative of v(o). Give b(10).
-15
Let t(i) = -3*i**2 + 1235*i - 19. Let b(x) = 2*x**2 - 803*x + 12. Let v(n) = -20*b(n) - 13*t(n). Suppose 4*r = -w + 4*w + 1, -5*w = -5*r - 5. Determine v(w).
7
Let z(a) = 40*a + 3. Let t(s) = -68*s - 6. Let c(y) = -3*t(y) - 5*z(y). Determine c(4).
19
Let a(w) = -w**2 + 6*w - 3. Let p(n) = -6*n - 23. Let v be p(-6). Let x be (-11 + v)/((-1)/31). Let r = -56 - x. Determine a(r).
-3
Let x(g) be the first derivative of -9/2*g**2 + 18 + g. Let p(j) = -2*j - 1. Let d be p(-1). Determine x(d).
-8
Let o = -3147 - -3141. Let w(l) = l**2 + 7*l + 2. Let v be w(-7). Let d(k) = -v*k + 2*k + 8 + 2*k. Calculate d(o).
-4
Suppose -32 = 84*g - 536. Let q(k) = k**3 - 6*k**2 - 3*k + 12. What is q(g)?
-6
Suppose 9 = 4*t - 3*w, -4*t + 0*w = 5*w + 15. Suppose 48*m = 156 + 84. Suppose 3*o = 2*r - 1 - t, -m*r = -o - 22. Let l(z) = z**2 - 5*z - 6. Determine l(r).
-6
Let n(i) = -i**2 + 600*i - 402*i - 161*i - 173. Calculate n(32).
-13
Let s(g) = g - 11 + g + g**3 - 3*g + 3*g**2 - 4*g**2. Let h be (((-1)/1)/(-3))/(16/(-48)). Let t be h/(-5) + (-18)/90. What is s(t)?
-11
Let d(w) = 2*w**3 - 20*w**2 + 5*w - 42. Let p(y) = y**3 + y**2 - 6*y - 6. Let i(t) = d(t) - 3*p(t). Give i(-24).
0
Let l = 737 - 735. Let p be (l - -3)/((-25)/(-20)). Let s(y) = y + 2 + 2*y - 8. What is s(p)?
6
Let d(m) be the third derivative of m**6/180